5*g - 345. Give l(2).
645
Let o(q) = -1727*q + 15627. Calculate o(9).
84
Let z(o) = 9*o**2 + 10033*o + 20079. Give z(-2).
49
Let f(v) = -9404*v**2 + 159866*v + 30. What is f(17)?
-4
Let u(j) = 30651*j - 429094. Determine u(14).
20
Let g(w) = -218*w**2 + 1323*w - 1813. What is g(2)?
-39
Let b(u) = -3*u**3 - 18*u**2 - 25*u + 24. Determine b(-4).
28
Let i(y) = -102*y**3 + 210*y**2 + 20*y - 40. What is i(2)?
24
Let v(j) = j**3 - 104*j**2 + 323*j + 353. Give v(101).
2373
Let h(y) = 31*y**2 + 509*y - 508. Give h(1).
32
Let l(v) = 1088*v**2 + 706113*v + 640. Determine l(-649).
-9
Let a(r) = r**2 - 25896*r + 801812. What is a(31)?
-3
Let m(h) = h**2 - 365*h + 7915. Determine m(23).
49
Let s(l) = -14169*l + 609248. Calculate s(43).
-19
Let b(z) = -7*z**2 + 5750*z - 814645. Calculate b(182).
-13
Let p(l) = -367*l - 3885. Determine p(-8).
-949
Let a(z) = -3*z**3 - 173*z**2 - 14*z - 4169. Calculate a(-58).
7
Let h(z) = z**2 - 349*z + 19746. Give h(71).
8
Let l(z) = -6*z**3 + 4*z**2 + 703*z + 3413. What is l(-5)?
748
Let v(q) = 50*q**2 + 116*q + 11. What is v(-2)?
-21
Let r(f) = -2*f**3 - 172*f**2 + 1918*f + 164944. Determine r(-86).
-4
Let d(r) = -r**3 + 150*r**2 - 3273*r - 5894. What is d(123)?
10
Let j(h) = -2321*h - 10822. Determine j(-4).
-1538
Let z(d) = -86*d - 3466. Give z(-40).
-26
Let r(i) = -i**3 + 164*i**2 - 404*i + 39308. Calculate r(163).
25
Let q(r) = 2*r**3 + 904*r**2 + 3807*r + 499742. What is q(-449)?
5
Let g(z) = z**3 + 5*z**2 - 8706*z - 43506. Give g(-5).
24
Let a(f) = -3*f**3 - 2016*f**2 - 7*f - 4724. Determine a(-672).
-20
Let w(h) = h**3 + 917*h**2 - 2892*h - 121424. What is w(-920)?
16
Let r(q) = q**2 - 96*q + 1972. Calculate r(38).
-232
Let t(n) = 415*n + 5771. Give t(-14).
-39
Let q(g) = 1531*g - 473. What is q(-1)?
-2004
Let j(g) = 1351*g + 94515. What is j(-70)?
-55
Let h(k) = 223*k**3 - 1341*k**2 + 39*k - 83. Calculate h(6).
43
Let i(r) = -2727514*r + 8182540. Give i(3).
-2
Let v(t) = 4*t**2 - 1009*t + 15801. Give v(16).
681
Let x(i) = 14007*i**2 + 112054*i. What is x(-8)?
16
Let l(c) = 3*c**3 + 2*c**2 + 48*c + 988. Calculate l(-7).
-279
Let i(b) = 20*b**2 + 4568*b + 9128. What is i(-2)?
72
Let v(o) = -12*o + 994. What is v(73)?
118
Let l(o) = -46*o**2 - 5987*o - 5986. Determine l(-1).
-45
Let c(p) = 5145*p + 210380. Determine c(-41).
-565
Let c(t) = 2*t**3 + 2*t**2 + 19*t + 126. Give c(0).
126
Let y(d) = -236*d - 534. Calculate y(-2).
-62
Let c(b) = b**2 - 87*b - 2587. Calculate c(105).
-697
Let f(v) = 14*v**2 - 2568*v - 1387. What is f(184)?
85
Let r(c) = 982*c - 76417. Calculate r(78).
179
Let j(t) = -6*t**3 + 6*t**2 - 59*t - 124. Determine j(-3).
269
Let p(l) = -l**3 + 13*l**2 - 1671*l + 11404. Give p(7).
1
Let m(l) = -l**2 + 1750*l - 169578. Give m(103).
63
Let k(q) = q**2 - 56*q + 652. Give k(27).
-131
Let b(j) = 10715*j - 9. Determine b(0).
-9
Let k(m) = m**3 - 352*m**2 + 339*m + 4339. Calculate k(351).
127
Let b(k) = -343*k + 14129. Give b(46).
-1649
Let i(c) = 12625*c + 63369. Calculate i(-5).
244
Let g(n) = -3774*n + 31547. What is g(8)?
1355
Let a(c) = -c**2 + 78*c - 1511. Determine a(54).
-215
Let t(f) = -1732*f**3 + 48493*f**2 + 58*f + 725. Determine t(28).
-3
Let t(p) = -6*p**2 - 266*p + 117. Determine t(-46).
-343
Let z(w) = -835968*w - 5015806. What is z(-6)?
2
Let l(c) = -2*c**3 + 259*c**2 + 130*c - 340. Determine l(130).
-340
Let v(s) = s**3 + 17*s**2 - 329*s - 4588. What is v(-13)?
365
Let l(d) = 386*d**2 - 3564*d + 826. Give l(9).
16
Let l(x) = -3*x**2 + 35*x + 1021. What is l(25)?
21
Let p(s) = 57*s**2 - 7992*s + 1666. Determine p(140).
-14
Let s(b) = b**3 + 19*b**2 - 296*b - 2113. What is s(-27)?
47
Let x(c) = 27*c**2 - 1343*c - 5769. Give x(-4).
35
Let k(m) = -5*m**3 - 68*m**2 + 410*m + 6080. Give k(-12).
8
Let w(u) = -u**2 + 2357*u - 58290. Determine w(25).
10
Let p(h) = -4*h**3 + 98*h**2 - 58*h - 37. What is p(24)?
-277
Let d(a) = 3285*a**2 - 39422*a + 15. What is d(12)?
-9
Let y(h) = -2*h**2 + 499*h + 7083. Calculate y(263).
-18
Let c(q) = -71*q**2 + 2664*q + 1268. What is c(38)?
-24
Let u(p) = p**3 - 12*p**2 - 490*p + 5451. Calculate u(23).
0
Let q(w) = -620355*w - 1240731. Determine q(-2).
-21
Let m(u) = 2*u**3 + 123*u**2 + 78*u + 601. Determine m(-61).
-436
Let w(b) = 415*b**2 - 2321*b - 1008. Calculate w(6).
6
Let g(u) = -103*u**2 + 4404*u + 894. Calculate g(43).
-181
Let s(b) = 3027*b + 9316. What is s(-3)?
235
Let w(d) = -655*d - 647794. Determine w(-989).
1
Let o(c) = -252*c - 7772. What is o(-31)?
40
Let v(f) = 669*f + 16298. Give v(-25).
-427
Let c(x) = x**3 + 124*x**2 + 251*x + 665. What is c(-122)?
-189
Let y(u) = -u**3 + 79*u**2 - 1218*u - 249. What is y(20)?
-1009
Let w(q) = -1005*q + 4285. Calculate w(4).
265
Let t(d) = -57*d**2 + 4392*d - 355. Give t(77).
-124
Let u(i) = -i**3 - 5*i**2 + 312*i - 388. What is u(15)?
-208
Let b(g) = 23*g**3 + 24*g**2 + 72*g + 21. Give b(-3).
-600
Let o(n) = -n**3 + 136*n**2 + 566*n - 408. Determine o(140).
432
Let m(z) = 124*z + 11120. Give m(-90).
-40
Let d(s) = -994*s - 17717. Determine d(-15).
-2807
Let p(m) = 25*m**2 - 2659*m + 12661. Calculate p(5).
-9
Let t(d) = -6*d**2 + 272*d - 2636. Calculate t(14).
-4
Let m(u) = -10*u**3 + 386*u**2 + 145*u + 450. Give m(39).
21
Let i(h) = 3*h**2 + 336*h - 34612. Calculate i(65).
-97
Let u(f) = -f**3 + 16*f**2 + 1368*f + 608. What is u(46)?
56
Let w(r) = -213582*r + 427157. Give w(2).
-7
Let r(w) = -2258*w - 6603. Give r(-3).
171
Let x(p) = 5*p + 278. Determine x(101).
783
Let j(l) = -6*l**3 - 3*l**2 + 388*l + 2039. Calculate j(-5).
774
Let r(v) = v**3 + 1848*v**2 + 27496*v - 3. Determine r(-15).
-18
Let b(w) = -6*w**2 + 65*w + 74. What is b(18)?
-700
Let z(l) = -2*l**3 + 15*l**2 - 47*l + 66. What is z(4)?
-10
Let g(o) = 87*o**2 + 2185*o - 26711. What is g(9)?
1
Let y(o) = -217*o**2 + 5489*o - 25965. Calculate y(19).
-11
Let n(d) = -d**2 + 84*d - 904. Determine n(8).
-296
Let o(r) = -r**3 - 15*r**2 - 835*r + 7715. What is o(9)?
-1744
Let f(y) = y**2 - 82*y - 10253. Calculate f(-68).
-53
Let s(d) = -18*d**3 + 29*d**2 + 122*d - 50. What is s(-4)?
1078
Let b(g) = -2123*g + 10375. Calculate b(5).
-240
Let t(a) = -67*a - 6937. Calculate t(-112).
567
Let c(a) = -69954*a + 279816. What is c(4)?
0
Let t(w) = -787*w - 9896. What is t(-12)?
-452
Let n(x) = 205*x + 26077. Give n(-127).
42
Let t(h) = -406*h**2 - 2782*h + 414. Determine t(-7).
-6
Let u(a) = 298*a**2 - 8031*a + 143. What is u(27)?
548
Let y(n) = 2*n**2 + 430256*n + 4732567. Give y(-11).
-7
Let x(d) = -2*d**2 + 155*d + 7305. Give x(-33).
12
Let s(n) = -n**3 - 151*n**2 - 2839*n - 36. Calculate s(-22).
-14
Let j(a) = 2060*a - 41362. What is j(20)?
-162
Let z(p) = -p**2 - 3007*p - 71134. Give z(-24).
458
Let a(z) = -z**3 - 15*z**2 + 654*z + 4664. What is a(-7)?
-306
Let l(s) = 4*s**3 - 6*s**2 - 19*s + 86. What is l(-9)?
-3145
Let j(k) = k**2 + 9*k - 9892. Calculate j(-103).
-210
Let t(s) = -s**3 - 16*s**2 + 2561*s - 1038. Calculate t(43).
-6
Let o(n) = -n**2 - 268*n - 10575. Calculate o(-48).
-15
Let x(u) = -12*u**2 + 1515*u - 396. Calculate x(126).
-18
Let s(c) = 13*c**2 + 229*c - 9871. Give s(-37).
-547
Let z(l) = -8094*l + 186. Calculate z(0).
186
Let t(v) = -8*v**2 + 684*v - 77. Calculate t(82).
2219
Let b(l) = 5982*l - 174222. Give b(29).
-744
Let v(q) = q**3 - 15*q**2 + 184*q - 1320. Give v(9).
-150
Let w(g) = 41*g**2 + 2883*g + 247. What is w(-70)?
-663
Let l(x) = 2140*x - 25716. Determine l(12).
-36
Let r(l) = 163*l + 38586. Calculate r(-237).
-45
Let i(s) = 5559*s + 831. What is i(0)?
831
Let r(t) = -3048*t + 1749542. Give r(574).
-10
Let x(c) = 2*c**3 - 969*c**2 + 477*c + 3769. What is x(484)?
381
Let o(h) = 160*h**2 - 852*h - 862. Calculate o(-1).
150
Let f(x) = -32*x**2 + 1453*x - 3250. Give f(43).
61
Let v(a) = -a**3 - 184*a**2 + 520*a - 7698. Calculate v(-187).
-31
Let j(b) = 92*b**2 + 18671*b - 967. Determine j(-203).
48
Let x(c) = 2*c**2 - 27451*c + 192136. Calculate x(7).
77
Let b(t) = -151336*t + 16949629. Calculate b(112).
-3
Let l(a) = a**2 - 4779*a - 86433. What is l(-18)?
-87
Let v(t) = 14966*t + 60084. What is v(-4)?
220
Let d(o) = o**3 + 89*o**2 + 181*o + 440. Determine d(-87).
-169
Let s(l) = 29753*l - 267775. Determine s(9).
2
Let i(x) = -11090*x + 410321. Determine i(37).
-9
Let t(s) = 357*s**2 - 5705*s - 109. What is t(16)?
3
Let c(